 Give v(-6).
1
Let f(z) = z**3 - 4*z**2 - 6*z. Suppose 18*m - 105 + 15 = 0. What is f(m)?
-5
Let l(z) = z**3 - 3*z**2 - 2*z + 1. Suppose 2*j + 1 = 3*x - 4, 3*x - 4*j - 1 = 0. What is l(x)?
-5
Let k(x) = -x + 16. Let n = 20 + -12. Let g be k(n). Let c(l) = l - 7. Calculate c(g).
1
Let n(p) = -8*p**2 - 18*p - 12. Let w(f) = 7*f**2 + 13*f + 12. Let d(o) = -4*n(o) - 5*w(o). Determine d(5).
-52
Let g(j) = 3*j - 4*j - 10*j + 3. Suppose 0 = 4*u + 28 - 36. Calculate g(u).
-19
Let b(z) = z**3 + 3*z**2 + 3*z + 2. Suppose 2*x + 5 = 7. Let a be 1/2*(x - 5). Determine b(a).
0
Let a(h) = h**3 - 4*h**2 - 4*h + 15. Let m = 855 + -852. Give a(m).
-6
Let m be (3 - 5)*-5*(-6)/30. Let g(n) be the third derivative of -n**5/15 - n**4/8 + n**2. Calculate g(m).
-10
Let u(b) be the second derivative of 5*b**4/24 + b**3/3 + 3*b**2 + 12*b. Let c(p) be the first derivative of u(p). Calculate c(-3).
-13
Let i(r) = r**2 - 3*r - 2. Let u be i(-1). Let c(n) = -n**3 + 3 + 5*n + 8*n**u - 11*n**2 + 7*n**2. Calculate c(5).
3
Let q(t) = -6*t - 80. Let b be (-64)/(-96) - (-41)/(-3). What is q(b)?
-2
Let r(w) = w**3 - 6*w**2 - 6*w. Let i be 0 - 3 - 0 - -4. Let n be 7/2*(i + 1). Determine r(n).
7
Let r(f) = -25*f + 2. Let n(c) = -14*c + 1. Let u(s) = -7*n(s) + 4*r(s). Give u(10).
-19
Let b(m) = m**3 + 8*m**2 + 7*m. Let z be -15 - -2 - 24/(-4). Give b(z).
0
Let p(f) = f**2 + 7*f - 6. Suppose 0 = -2*g - 4*v - 4, 0*g = 3*g + v - 4. Let d(b) = -b**3 - 3*b + 1. Let l be d(g). Let z = -19 - l. Determine p(z).
-12
Let w(m) = m**3 - 8*m**2 + 9*m - 19. Let a be w(7). Suppose -2 = -t - 1, 3*r = 5*t + 1. Let c(y) = -1 + 3 - y + 0*y + r*y. Give c(a).
-3
Let j(o) = o + 3. Let g be 6/(-15) - 8/5. Let q be g/(-8) + 3/(-12). Calculate j(q).
3
Suppose 0 = -5*a, 0*a + 5 = j + 2*a. Let x(i) = j - 1 + 0*i + 3*i + 2. Give x(-4).
-6
Let k(t) be the third derivative of t**5/60 - t**4/8 + 2*t**3/3 + 3*t**2 + 17. Determine k(-3).
22
Suppose o = 3*h + 12, -o + h = -3*o + 24. Let x = 15 - o. Let u(n) = -1 - 7*n + 3*n + x*n - n**3. Determine u(2).
-11
Let h(g) be the second derivative of -8*g + 5/12*g**4 - 3/2*g**3 + 0 + 1/20*g**5 - 7/2*g**2. Give h(-6).
11
Let o be 3/(-7) - (-885)/105. Let q(n) = -8*n**2 - 2 - o*n + 9*n**2 + 13*n. What is q(-6)?
4
Let i(w) = -4 + 8*w**2 - 78*w**3 + 4*w + 79*w**3 - 3*w**2. Calculate i(-5).
-24
Let h be (-10)/(-6) + 2/((-12)/(-2)). Let s(b) be the second derivative of 0 + 3*b**h + 1/12*b**4 - b**3 - 3*b. What is s(4)?
-2
Let w(u) = -12*u + 17*u**2 + u**2 - 5*u**2 + u**3 - 10 + 2*u**2 - 5*u**2. Determine w(-11).
1
Let j(v) = v**3 + 8*v**2 + 9*v + 15. Let h = -254 - -247. Give j(h).
1
Let h(j) = j**2 - 5*j + 5. Suppose 6*r + 4*x = r + 11, -x - 10 = -3*r. Give h(r).
-1
Let p(r) = -6*r + 19. Let m(v) be the second derivative of v**3/6 - 2*v**2 - 2*v. Suppose 5*f - 36 = 19. Let y(t) = f*m(t) + 2*p(t). Determine y(-6).
0
Let x = 679 - 676. Let t(c) = -c**3 + 5*c**2 - 3*c - 2. Calculate t(x).
7
Let n(i) be the second derivative of i**6/120 - i**5/60 + 2*i**3/3 - 3*i**2/2 + 11*i. Let s(d) be the first derivative of n(d). Calculate s(0).
4
Let w = 218 + -222. Let f(l) = -l**2 - 6*l - 5. Calculate f(w).
3
Let w(r) = 3*r**3 + 11*r**2 + 10*r + 10. Let p be w(-3). Let n(c) be the second derivative of c**5/10 - c**4/6 - c**3/3 - 3*c**2/2 + 3*c. What is n(p)?
-23
Let w(r) = r**3 + 9*r**2 - 2. Let m be (0/(1 - 3))/(-2 + 1). Suppose m = q + 2*q + g + 27, 2*q = -5*g - 18. What is w(q)?
-2
Let w = -379 + 379. Let c(l) be the second derivative of 1/6*l**3 + 8*l + w - 3*l**2. What is c(5)?
-1
Let v(g) = -2*g**2 - g. Let h(c) = c - 9. Let p be h(11). Suppose -2*m - p*k = 11 - 3, 3*m - 4*k - 9 = 0. Determine v(m).
-1
Let g = -30 - -34. Suppose g*z - 7*z = 0. Let b(r) = r**2 - 2*r**2 + z - 5*r + 5 + 0. Determine b(-5).
5
Let h(w) = w**3 + 5*w**2 + 2*w - 3. Let k be h(-4). Let s(o) = -5 + 4*o + 1 - k*o. What is s(-4)?
0
Suppose 0 = 4*d - d - 9. Let y = 115 + -103. Suppose -c - y = -d*c. Let o(v) = v**3 - 5*v**2 - 5*v - 3. Calculate o(c).
3
Suppose 14*b = h + 19*b - 2, -2*h = 5*b - 9. Let w(z) = z**2 - 9*z + 8. What is w(h)?
-6
Let r(u) = u**3 - 1. Let w = -97 - -100. Let y(o) = 2*o**3 + 8*o**2 - 6*o - 9. Let z(m) = w*r(m) - y(m). Determine z(7).
-1
Let n(m) = m**2 + 2*m + 3. Let h(t) be the third derivative of t**6/120 - t**5/15 + 5*t**4/24 - 2*t**3/3 - 21*t**2. Let r be h(2). Determine n(r).
3
Let o(x) = -x**2 + 27*x - 37. Let h be o(26). Let l(v) = -v**3 - 12*v**2 - 9*v + 1. Give l(h).
-21
Let r(q) be the third derivative of -q**4/12 - 2*q**3 + 9*q**2 + 9. What is r(-8)?
4
Let n be 24/15 - (-4)/10. Suppose 6*u + n = 7*u. Let d(m) = -6*m**2 - m - m**2 + 6*m**2 + 2*m**u. Give d(-1).
2
Suppose 4*u + 2*q = -12, -4*q = -6*u + 10*u + 16. Let o(n) = -n. Let c(a) = 2*a**2 + 4*a. Let h(l) = c(l) + 2*o(l). Calculate h(u).
4
Let f(l) = 1 - 2*l**2 - 1 - 2*l + 1. Let n(z) = -z**3 + 28*z**2 - 28*z + 25. Let p be n(27). Give f(p).
-3
Let i be 1*(-7)/(19 + -12). Let f(b) = 54*b**2 + 1. Calculate f(i).
55
Let x(y) = -2 - 6 + 3 - 4*y + 1. Let c(m) = m**2 + 21*m + 3. Let b be c(-21). Calculate x(b).
-16
Let y(m) = -13*m**2 + m - 7. Let g(q) = -2*q**2 - 1. Let i(a) = 14*g(a) - 2*y(a). Give i(1).
-4
Suppose 0 = p - 2. Let o(f) = 2 + 1 - 8*f**2 + 6*f**p. Give o(3).
-15
Let d(f) = 10*f + 5. Let t(b) = 5*b + 2. Let o(v) = 4*d(v) - 9*t(v). Let n = 15 - 13. Give o(n).
-8
Let n(c) = -10*c - 1. Suppose -4*j + 4*a - 4 = 0, 0 = -4*j - 3*a - 2 - 2. Let d be ((-5)/2 + 3)*(j + -1). Determine n(d).
9
Suppose 6*j - 4 = 2*j + l, -2*j - 4*l = -20. Let r(y) = j*y - 4*y**2 + 5*y**2 + 0*y**2 - 11 + 5*y. Calculate r(-8).
-3
Suppose -5*j = -39 + 4. Let p(a) = -a**3 + 13*a**2 - a. Let i(t) = 2*t**2 - t. Let x(y) = 3*i(y) - p(y). Determine x(j).
-14
Suppose 5*i + 142 = -3*m, 4*m - i + 184 = -5*i. Let f = -36 - m. Let z(j) = -j**3 + 7*j**2 + 9*j - 7. Calculate z(f).
1
Let z(v) be the third derivative of -1/24*v**4 + 1/40*v**5 + 1/3*v**3 + 0*v - 1/360*v**6 + 0 + 4*v**2. Let p(u) be the first derivative of z(u). Give p(3).
-1
Let z(v) = v - 1. Let t(f) = 6*f - 6. Let n(x) = 4*t(x) - 22*z(x). Let q = -11 - -14. Calculate n(q).
4
Let d be 1*(3 - (3 - 5)). Suppose -10 = -d*j - 0. Let u(h) = 5 + h + 0*h - 178*h**j + 177*h**2. Determine u(-4).
-15
Let c = 8 + -4. Let l(m) be the first derivative of m**3 + 7*m**2/2 - 4*m - 5. Let s(r) = r**2. Let u(n) = -l(n) + 5*s(n). What is u(c)?
8
Suppose 2*y + 2 = 2*p, 2*y + 26*p = 24*p - 18. Let t(u) = -u**2 - 7*u - 1. Determine t(y).
9
Let f(y) = -y**3 + 11*y**2 + 4. Let v = -16 - -27. Let h be f(v). Let l(r) = -3 + 2*r**2 + 4 - 2*r**3 - h*r**2. What is l(1)?
-3
Let r be 16/(-56) + 2/7. Suppose 4*q - 2*q + 6 = r. Let d(j) = 6 - 2 - 2 + 2 - 2*j. Calculate d(q).
10
Let r(y) = 5*y**2 + y - 5*y**2 + y**3 - 5*y**2. Determine r(4).
-12
Let o(w) = 20*w**2 - 50*w - 36. Let m(k) = -7*k**2 + 17*k + 12. Let s(g) = 17*m(g) + 6*o(g). What is s(12)?
0
Let t(i) be the second derivative of -i**3/3 - 2*i**2 - i. Let x = 1656 + -1659. Give t(x).
2
Let m(y) = -y + 7. Let t be (-2 - -11)*(-10)/(-30). Let q be m(t). Let h(a) = a**2 - 4*a. What is h(q)?
0
Let j(q) = -q**3 + 2*q**2 - 2*q + 1. Let b(u) = -u + 16. Suppose 2*d - 36 = -2*n, n + d + 2*d - 26 = 0. Let g be b(n). Calculate j(g).
-3
Let q = 99 - 81. Let u(c) = -6*c**2 - 4 + q*c**2 - 8*c - 6*c**2 - 7*c**2. Let m be (3 - 0)*14/(-6). Determine u(m).
3
Let z be 25*9/90*-2. Let n(c) = -c**2 - 2*c + 7. What is n(z)?
-8
Let q(d) = 2*d - 7. Let r(w) = -3*w**3 + 3*w**2 - 2*w - 3. Let z be r(-1). Determine q(z).
3
Let m(l) be the first derivative of -11 + 1/3*l**3 + 0*l - 3*l**2. Calculate m(6).
0
Let m(c) = -c**2 + 2*c + 4. Let t(r) = -3*r - 19. Let g be t(-8). Suppose h = 2*h - g. What is m(h)?
-11
Let g(o) be the third derivative of -o**6/120 + o**5/15 + o**4/4 - 5*o**3/6 - o**2. Let y = 72 + -227. Let r = 160 + y. What is g(r)?
0
Let y(o) = -o**2 + 18*o - 21. Let v be y(16). Let t = -13 + v. Let k(a) = 9 + 6*a - 17*a**2 - 6 + 18*a**2. Give k(t).
-5
Let t(j) = -3*j**2 - 3*j + 8 + 4*j**2 + 11*j. Suppose -12 = 2*w - 3*v + v, 4*v = 3*w + 18. Give t(w).
-4
Let m(l) = -l**2 + 3*l - 3. Suppose -9*j - 4 = -13*j + 4*q, -j = -5*q + 3. Calculate m(j).
-1
Suppose 0 = -0*x + 5*x. Let h(s) = 2*s - 2*s**2 + 8 - 3 + s + s**2. Let b(t) = -t - 2. Let p(d) = -2*b(d) - h(d). Calculate p(x).
-1
Le